{"id":56,"date":"2019-07-30T19:19:59","date_gmt":"2019-07-30T17:19:59","guid":{"rendered":"http:\/\/neelemilie-therapie.fr\/?page_id=56"},"modified":"2023-01-27T16:13:06","modified_gmt":"2023-01-27T15:13:06","slug":"accueil-praticienne-therapie-mediation-animal","status":"publish","type":"page","link":"https:\/\/neelemilie-therapie.fr\/","title":{"rendered":"Accueil"},"content":{"rendered":"\n<p class=\"has-text-align-center\">Psychopraticienne en th\u00e9rapie comportementale et cognitive, sp\u00e9cialis\u00e9e en m\u00e9diation par              l&rsquo;animal, j&rsquo;exerce mon activit\u00e9 lib\u00e9rale aupr\u00e8s des particuliers, mais \u00e9galement en \u00e9tablissements sp\u00e9cialis\u00e9s. <\/p>\n\n\n\n<p class=\"has-text-align-center\"> Je propose d\u2019accompagner toute personne ; enfant, adolescent, adulte, pr\u00e9sentant des troubles relationnels, du comportement, du d\u00e9veloppement, ou en situation<strong> <\/strong>d&rsquo;inadaptation sociale. Mais aussi, tout individu d\u00e9sirant simplement retrouver sa place, au sein de sa famille, de son travail, de sa relation \u00e0 soi, \u00e0 l\u2019autre, au monde\u2026<\/p>\n\n\n\n<p class=\"has-text-align-center\">Pour cela, j&rsquo;offre une m\u00e9thode qui correspond notamment aux personnes r\u00e9ticentes ou intimid\u00e9es face au cadre th\u00e9rapeutique classique. Dans ma pratique, j&rsquo;interviens seule ou en bin\u00f4me avec l&rsquo;animal. Je travaille par des approches r\u00e9put\u00e9es rapides et efficaces qui ont pour vocation d\u2019am\u00e9liorer ou de r\u00e9tablir le bien-\u00eatre. <\/p>\n\n\n\n<p class=\"has-text-align-center\">Ma d\u00e9marche vise \u00e0  l\u2019\u00e9volution  et \u00e0 l\u2019\u00e9panouissement des personnes en souffrance psychique et \u00e9galement, des personnes en situation de handicap, dans un cadre professionnel et confidentiel.<\/p>\n\n\n\n<p class=\"has-text-align-center has-text-color\" style=\"color:#e82de2\"> \u00ab\u00a0<em>Persuad\u00e9e que chaque individu, chaque \u00eatre, impacte la vie des personnes qu\u2019il rencontre au cours de son existenc<\/em>e ; <em><strong>Mon but est d\u2019aider les personnes fragilis\u00e9es \u00e0 mieux vivre leur vie<\/strong><\/em><strong><em>.  <\/em><\/strong>Q<em>ue cela soit, ponctuellement ou en suivi \u00e0 plus long terme.<\/em>\u00a0\u00bb <\/p>\n","protected":false},"excerpt":{"rendered":"<p>Psychopraticienne en th\u00e9rapie comportementale et cognitive, sp\u00e9cialis\u00e9e en m\u00e9diation par l&rsquo;animal, j&rsquo;exerce mon activit\u00e9 lib\u00e9rale aupr\u00e8s des particuliers, mais \u00e9galement en \u00e9tablissements sp\u00e9cialis\u00e9s. Je propose d\u2019accompagner toute personne ; enfant, adolescent, adulte, pr\u00e9sentant des troubles relationnels, du comportement, du d\u00e9veloppement, ou en situation d&rsquo;inadaptation sociale. Mais aussi, tout individu d\u00e9sirant simplement retrouver sa place, au &hellip; <\/p>\n<p class=\"link-more\"><a href=\"https:\/\/neelemilie-therapie.fr\/\" class=\"more-link\">Continuer la lecture<span class=\"screen-reader-text\"> de &laquo;&nbsp;Accueil&nbsp;&raquo;<\/span><\/a><\/p>\n","protected":false},"author":1,"featured_media":214,"parent":0,"menu_order":0,"comment_status":"closed","ping_status":"closed","template":"","meta":{"_mi_skip_tracking":false},"yoast_head":"<!-- This site is optimized with the Yoast SEO plugin v18.6 - https:\/\/yoast.com\/wordpress\/plugins\/seo\/ -->\n<title>Accueil - TH\u00c9RAPIE ET M\u00c9DIATION PAR L&#039;ANIMAL<\/title>\n<meta name=\"description\" content=\"Psychopraticienne sp\u00e9cialis\u00e9e en th\u00e9rapie comportementale et cognitive et en m\u00e9diation par l&#039;animal, j&#039;exerce mon activit\u00e9 lib\u00e9rale dans un cadre professionnel et confidentiel, je propose d\u2019accompagner toutes personnes ; enfant, adolescent, adulte, souffrant de trouble relationne, du comportement, du d\u00e9veloppement...\" \/>\n<meta name=\"robots\" content=\"index, follow, max-snippet:-1, max-image-preview:large, max-video-preview:-1\" \/>\n<link rel=\"canonical\" href=\"https:\/\/neelemilie-therapie.fr\/\" \/>\n<meta property=\"og:locale\" content=\"fr_FR\" \/>\n<meta property=\"og:type\" content=\"article\" \/>\n<meta property=\"og:title\" content=\"Accueil - TH\u00c9RAPIE ET M\u00c9DIATION PAR L&#039;ANIMAL\" \/>\n<meta property=\"og:description\" content=\"Psychopraticienne sp\u00e9cialis\u00e9e en th\u00e9rapie comportementale et cognitive et en m\u00e9diation par l&#039;animal, j&#039;exerce mon activit\u00e9 lib\u00e9rale dans un cadre professionnel et confidentiel, je propose d\u2019accompagner toutes personnes ; enfant, adolescent, adulte, souffrant de trouble relationne, du comportement, du d\u00e9veloppement...\" \/>\n<meta property=\"og:url\" content=\"https:\/\/neelemilie-therapie.fr\/\" \/>\n<meta property=\"og:site_name\" content=\"TH\u00c9RAPIE ET M\u00c9DIATION PAR L&#039;ANIMAL\" \/>\n<meta property=\"article:modified_time\" content=\"2023-01-27T15:13:06+00:00\" \/>\n<meta property=\"og:image\" content=\"https:\/\/neelemilie-therapie.fr\/wp-content\/uploads\/2019\/08\/logo-gf-Ste-EN-e1564701077110.jpg\" \/>\n\t<meta property=\"og:image:width\" content=\"1096\" \/>\n\t<meta property=\"og:image:height\" content=\"454\" \/>\n\t<meta property=\"og:image:type\" content=\"image\/jpeg\" \/>\n<meta name=\"twitter:card\" content=\"summary_large_image\" \/>\n<meta name=\"twitter:label1\" content=\"Dur\u00e9e de lecture estim\u00e9e\" \/>\n\t<meta name=\"twitter:data1\" content=\"1 minute\" \/>\n<script type=\"application\/ld+json\" class=\"yoast-schema-graph\">{\"@context\":\"https:\/\/schema.org\",\"@graph\":[{\"@type\":\"WebSite\",\"@id\":\"https:\/\/neelemilie-therapie.fr\/#website\",\"url\":\"https:\/\/neelemilie-therapie.fr\/\",\"name\":\"TH\u00c9RAPIE ET M\u00c9DIATION PAR L&#039;ANIMAL\",\"description\":\"VOUS ACCOMPAGNE SUR LE CHEMIN DU MIEUX-\u00caTRE\",\"potentialAction\":[{\"@type\":\"SearchAction\",\"target\":{\"@type\":\"EntryPoint\",\"urlTemplate\":\"https:\/\/neelemilie-therapie.fr\/?s={search_term_string}\"},\"query-input\":\"required name=search_term_string\"}],\"inLanguage\":\"fr-FR\"},{\"@type\":\"ImageObject\",\"@id\":\"https:\/\/neelemilie-therapie.fr\/#primaryimage\",\"inLanguage\":\"fr-FR\",\"url\":\"https:\/\/neelemilie-therapie.fr\/wp-content\/uploads\/2019\/08\/logo-gf-Ste-EN-e1564701077110.jpg\",\"contentUrl\":\"https:\/\/neelemilie-therapie.fr\/wp-content\/uploads\/2019\/08\/logo-gf-Ste-EN-e1564701077110.jpg\",\"width\":1096,\"height\":454},{\"@type\":\"WebPage\",\"@id\":\"https:\/\/neelemilie-therapie.fr\/#webpage\",\"url\":\"https:\/\/neelemilie-therapie.fr\/\",\"name\":\"Accueil - TH\u00c9RAPIE ET M\u00c9DIATION PAR L&#039;ANIMAL\",\"isPartOf\":{\"@id\":\"https:\/\/neelemilie-therapie.fr\/#website\"},\"primaryImageOfPage\":{\"@id\":\"https:\/\/neelemilie-therapie.fr\/#primaryimage\"},\"datePublished\":\"2019-07-30T17:19:59+00:00\",\"dateModified\":\"2023-01-27T15:13:06+00:00\",\"description\":\"Psychopraticienne sp\u00e9cialis\u00e9e en th\u00e9rapie comportementale et cognitive et en m\u00e9diation par l'animal, j'exerce mon activit\u00e9 lib\u00e9rale dans un cadre professionnel et confidentiel, je propose d\u2019accompagner toutes personnes ; enfant, adolescent, adulte, souffrant de trouble relationne, du comportement, du d\u00e9veloppement...\",\"breadcrumb\":{\"@id\":\"https:\/\/neelemilie-therapie.fr\/#breadcrumb\"},\"inLanguage\":\"fr-FR\",\"potentialAction\":[{\"@type\":\"ReadAction\",\"target\":[\"https:\/\/neelemilie-therapie.fr\/\"]}]},{\"@type\":\"BreadcrumbList\",\"@id\":\"https:\/\/neelemilie-therapie.fr\/#breadcrumb\",\"itemListElement\":[{\"@type\":\"ListItem\",\"position\":1,\"name\":\"Accueil\",\"item\":\"https:\/\/neelemilie-therapie.fr\/\"},{\"@type\":\"ListItem\",\"position\":2,\"name\":\"Accueil\"}]}]}<\/script>\n<!-- \/ Yoast SEO plugin. -->","yoast_head_json":{"title":"Accueil - TH\u00c9RAPIE ET M\u00c9DIATION PAR L&#039;ANIMAL","description":"Psychopraticienne sp\u00e9cialis\u00e9e en th\u00e9rapie comportementale et cognitive et en m\u00e9diation par l'animal, j'exerce mon activit\u00e9 lib\u00e9rale dans un cadre professionnel et confidentiel, je propose d\u2019accompagner toutes personnes ; enfant, adolescent, adulte, souffrant de trouble relationne, du comportement, du d\u00e9veloppement...","robots":{"index":"index","follow":"follow","max-snippet":"max-snippet:-1","max-image-preview":"max-image-preview:large","max-video-preview":"max-video-preview:-1"},"canonical":"https:\/\/neelemilie-therapie.fr\/","og_locale":"fr_FR","og_type":"article","og_title":"Accueil - TH\u00c9RAPIE ET M\u00c9DIATION PAR L&#039;ANIMAL","og_description":"Psychopraticienne sp\u00e9cialis\u00e9e en th\u00e9rapie comportementale et cognitive et en m\u00e9diation par l'animal, j'exerce mon activit\u00e9 lib\u00e9rale dans un cadre professionnel et confidentiel, je propose d\u2019accompagner toutes personnes ; enfant, adolescent, adulte, souffrant de trouble relationne, du comportement, du d\u00e9veloppement...","og_url":"https:\/\/neelemilie-therapie.fr\/","og_site_name":"TH\u00c9RAPIE ET M\u00c9DIATION PAR L&#039;ANIMAL","article_modified_time":"2023-01-27T15:13:06+00:00","og_image":[{"width":1096,"height":454,"url":"https:\/\/neelemilie-therapie.fr\/wp-content\/uploads\/2019\/08\/logo-gf-Ste-EN-e1564701077110.jpg","type":"image\/jpeg"}],"twitter_card":"summary_large_image","twitter_misc":{"Dur\u00e9e de lecture estim\u00e9e":"1 minute"},"schema":{"@context":"https:\/\/schema.org","@graph":[{"@type":"WebSite","@id":"https:\/\/neelemilie-therapie.fr\/#website","url":"https:\/\/neelemilie-therapie.fr\/","name":"TH\u00c9RAPIE ET M\u00c9DIATION PAR L&#039;ANIMAL","description":"VOUS ACCOMPAGNE SUR LE CHEMIN DU MIEUX-\u00caTRE","potentialAction":[{"@type":"SearchAction","target":{"@type":"EntryPoint","urlTemplate":"https:\/\/neelemilie-therapie.fr\/?s={search_term_string}"},"query-input":"required name=search_term_string"}],"inLanguage":"fr-FR"},{"@type":"ImageObject","@id":"https:\/\/neelemilie-therapie.fr\/#primaryimage","inLanguage":"fr-FR","url":"https:\/\/neelemilie-therapie.fr\/wp-content\/uploads\/2019\/08\/logo-gf-Ste-EN-e1564701077110.jpg","contentUrl":"https:\/\/neelemilie-therapie.fr\/wp-content\/uploads\/2019\/08\/logo-gf-Ste-EN-e1564701077110.jpg","width":1096,"height":454},{"@type":"WebPage","@id":"https:\/\/neelemilie-therapie.fr\/#webpage","url":"https:\/\/neelemilie-therapie.fr\/","name":"Accueil - TH\u00c9RAPIE ET M\u00c9DIATION PAR L&#039;ANIMAL","isPartOf":{"@id":"https:\/\/neelemilie-therapie.fr\/#website"},"primaryImageOfPage":{"@id":"https:\/\/neelemilie-therapie.fr\/#primaryimage"},"datePublished":"2019-07-30T17:19:59+00:00","dateModified":"2023-01-27T15:13:06+00:00","description":"Psychopraticienne sp\u00e9cialis\u00e9e en th\u00e9rapie comportementale et cognitive et en m\u00e9diation par l'animal, j'exerce mon activit\u00e9 lib\u00e9rale dans un cadre professionnel et confidentiel, je propose d\u2019accompagner toutes personnes ; enfant, adolescent, adulte, souffrant de trouble relationne, du comportement, du d\u00e9veloppement...","breadcrumb":{"@id":"https:\/\/neelemilie-therapie.fr\/#breadcrumb"},"inLanguage":"fr-FR","potentialAction":[{"@type":"ReadAction","target":["https:\/\/neelemilie-therapie.fr\/"]}]},{"@type":"BreadcrumbList","@id":"https:\/\/neelemilie-therapie.fr\/#breadcrumb","itemListElement":[{"@type":"ListItem","position":1,"name":"Accueil","item":"https:\/\/neelemilie-therapie.fr\/"},{"@type":"ListItem","position":2,"name":"Accueil"}]}]}},"_links":{"self":[{"href":"https:\/\/neelemilie-therapie.fr\/index.php\/wp-json\/wp\/v2\/pages\/56"}],"collection":[{"href":"https:\/\/neelemilie-therapie.fr\/index.php\/wp-json\/wp\/v2\/pages"}],"about":[{"href":"https:\/\/neelemilie-therapie.fr\/index.php\/wp-json\/wp\/v2\/types\/page"}],"author":[{"embeddable":true,"href":"https:\/\/neelemilie-therapie.fr\/index.php\/wp-json\/wp\/v2\/users\/1"}],"replies":[{"embeddable":true,"href":"https:\/\/neelemilie-therapie.fr\/index.php\/wp-json\/wp\/v2\/comments?post=56"}],"version-history":[{"count":15,"href":"https:\/\/neelemilie-therapie.fr\/index.php\/wp-json\/wp\/v2\/pages\/56\/revisions"}],"predecessor-version":[{"id":346,"href":"https:\/\/neelemilie-therapie.fr\/index.php\/wp-json\/wp\/v2\/pages\/56\/revisions\/346"}],"wp:featuredmedia":[{"embeddable":true,"href":"https:\/\/neelemilie-therapie.fr\/index.php\/wp-json\/wp\/v2\/media\/214"}],"wp:attachment":[{"href":"https:\/\/neelemilie-therapie.fr\/index.php\/wp-json\/wp\/v2\/media?parent=56"}],"curies":[{"name":"wp","href":"https:\/\/api.w.org\/{rel}","templated":true}]}}